hat is b3 - 6?
ad
In base 3, what is -10 + 1211?
1201
In base 4, what is -21222 + -2?
-21230
In base 8, what is 11 + -61?
-50
In base 14, what is 4 + 33b?
341
In base 7, what is 5 + -6652?
-6644
In base 13, what is -897 + -2?
-899
In base 10, what is 8 - -22?
30
In base 6, what is 1 + 405?
410
In base 11, what is 94 - -27?
110
In base 10, what is -5 + 76?
71
In base 12, what is -a + -1872?
-1880
In base 16, what is 5 + 3?
8
In base 10, what is 2200 - -5?
2205
In base 15, what is 115 + 14?
129
In base 14, what is -3 - a5?
-a8
In base 12, what is -17 - -3a7?
390
In base 8, what is 1213 - -3?
1216
In base 9, what is -4 - -3516?
3512
In base 10, what is -5 + 36?
31
In base 5, what is -12113 + 10?
-12103
In base 5, what is 121 - 243?
-122
In base 14, what is d48b + 1?
d48c
In base 11, what is -13 + 22?
a
In base 8, what is -4 - -3001?
2775
In base 10, what is 20 + 5?
25
In base 11, what is -112 + -7?
-119
In base 16, what is -2 + -9?
-b
In base 10, what is -2 - 24?
-26
In base 4, what is -10110113 + -3?
-10110122
In base 16, what is 4bc + 2?
4be
In base 7, what is -404 - -142?
-232
In base 2, what is 10 + 11101?
11111
In base 6, what is 254 - 143?
111
In base 3, what is -1120001 + 10?
-1112221
In base 3, what is -12 + -1121?
-1210
In base 13, what is 12 - -3?
15
In base 5, what is 1044202 - 3?
1044144
In base 13, what is -41 - 21?
-62
In base 2, what is 101110 - 10101?
11001
In base 16, what is -2d - -18?
-15
In base 8, what is 1441 + 3?
1444
In base 12, what is -2b3 - 1?
-2b4
In base 5, what is -21 - -340?
314
In base 16, what is 0 + c8?
c8
In base 9, what is 21 + -40?
-18
In base 5, what is 1 - 302?
-301
In base 8, what is -2154 - -26?
-2126
In base 13, what is -3b0 - -4?
-3a9
In base 4, what is -110 - -11?
-33
In base 2, what is 11110 + 1000101?
1100011
In base 12, what is -44 + 15?
-2b
In base 8, what is 763 + 5?
770
In base 7, what is -3 - 3346?
-3352
In base 13, what is -b - 3a?
-48
In base 11, what is -307 - -2?
-305
In base 12, what is 1a71 + 4?
1a75
In base 10, what is 357 + 20?
377
In base 5, what is 12324 - 0?
12324
In base 14, what is 4 + 1b0?
1b4
In base 8, what is 107 + 5?
114
In base 10, what is 5 + 2111?
2116
In base 14, what is 50 - 3?
4b
In base 3, what is -22201 - 12?
-22220
In base 8, what is -1342 - -1?
-1341
In base 12, what is 88 - 5?
83
In base 11, what is -2 - -76?
74
In base 9, what is 64 - -1?
65
In base 5, what is 10 + 3021?
3031
In base 8, what is -6147 - 4?
-6153
In base 12, what is 188 - -1?
189
In base 2, what is 1011101101111 - 11?
1011101101100
In base 16, what is -b - 9?
-14
In base 3, what is 12 - 10000210?
-10000121
In base 10, what is -2 + 202?
200
In base 2, what is 1100010 + -11?
1011111
In base 16, what is -3 + 5f0?
5ed
In base 6, what is 0 - -2?
2
In base 12, what is 3 - -8?
b
In base 3, what is -111110 - 12?
-111122
In base 7, what is -5 + 1366?
1361
In base 6, what is 2 + -4?
-2
In base 5, what is -4 - -2211?
2202
In base 8, what is -7 + -346?
-355
In base 7, what is 0 + 42?
42
In base 14, what is -5 + -2d0b?
-2d12
In base 11, what is 94a4 + 3?
94a7
In base 14, what is -3 - -1c74?
1c71
In base 4, what is -12112 + 3?
-12103
In base 11, what is -56 - -1?
-55
In base 13, what is 431 + -4?
42a
In base 5, what is 2 - -1414?
1421
In base 2, what is -11001000 - -1?
-11000111
In base 11, what is 5 + 88?
92
In base 16, what is 11 + -5?
c
In base 10, what is 5 - 178?
-173
In base 11, what is 3 - -66?
69
In base 3, what is 201211202 - 1?
201211201
In base 13, what is -5a + 7?
-53
In base 14, what is -1c - 25?
-43
In base 10, what is 0 - 86?
-86
In base 10, what is -9 + 755?
746
In base 7, what is -1 - -1212?
1211
In base 9, what is -12 + 2?
-10
In base 2, what is 101 - -10000100000?
10000100101
In base 3, what is 1 - 22002?
-22001
In base 2, what is -100001 + -10?
-100011
In base 6, what is -4 - -3?
-1
In base 15, what is 4 - -41?
45
In base 4, what is -23 - 31232?
-31321
In base 10, what is 1052 - 0?
1052
In base 7, what is 1532 - -2?
1534
In base 5, what is -10 + 1100?
1040
In base 13, what is 23 - -4?
27
In base 3, what is -11021200 + -2?
-11021202
In base 10, what is 4 + 11?
15
In base 8, what is -40 - 1636?
-1676
In base 4, what is -123 + 130?
1
In base 16, what is -500 - 4?
-504
In base 4, what is -21101003 + -11?
-21101020
In base 3, what is -112201 + 10?
-112121
In base 10, what is -17 - 210?
-227
In base 9, what is -1 + 10?
8
In base 15, what is 58 - -5?
5d
In base 8, what is 6 + 5?
13
In base 5, what is 32133 - 10?
32123
In base 9, what is -8 + 22?
13
In base 6, what is -5 - 232?
-241
In base 12, what is -9 - -2?
-7
In base 16, what is 3c + 1f?
5b
In base 11, what is 4605 + -1?
4604
In base 14, what is 2 - -10c?
110
In base 13, what is 7c1 - -2?
7c3
In base 6, what is 20131 + 2?
20133
In base 6, what is 24 + -2?
22
In base 6, what is -5 + 141?
132
In base 3, what is -1101001 + 11?
-1100220
In base 5, what is -404 - -234?
-120
In base 6, what is -4 + 25?
21
In base 15, what is -7c + -5?
-82
In base 11, what is 394 + -5?
38a
In base 9, what is 3 - -210?
213
In base 5, what is 4 - 23?
-14
In base 10, what is 1 + 1496?
1497
In base 9, what is 1 - 1237?
-1236
In base 13, what is 2 - -913?
915
In base 8, what is 142 + 37?
201
In base 3, what is 120 + 11?
201
In base 15, what is e8 + -1?
e7
In base 10, what is -2 - 163?
-165
In base 2, what is -101 + 110101011?
110100110
In base 16, what is -5 + -284?
-289
In base 11, what is 4 + -2587?
-2583
In base 14, what is 4 + -a?
-6
In base 13, what is c8 - -1?
c9
In base 14, what is -5 + -41?
-46
In base 16, what is -1 - -171?
170
In base 5, what is 1442 + -22?
1420
In base 13, what is -3b48 - 0?
-3b48
In base 12, what is -97a + -2?
-980
In base 12, what is -294 + -7?
-29b
In base 10, what is 3 + 537?
540
In base 6, what is -111455 - 2?
-111501
In base 13, what is -79 - -4?
-75
In base 9, what is -50 - -105?
45
In base 10, what is -176 - -2?
-174
In base 3, what is 1022 - 1?
1021
In base 15, what is 1 - 36?
-35
In base 13, what is 4 - -75?
79
In base 15, what is 4 + 134?
138
In base 7, what is -3213 + 0?
-3213
In base 3, what is 1001011200 - -1?
1001011201
In base 7, what is 5 + -262?
-254
In base 16, what is 0 + 8c?
8c
In base 4, what is 2 - -130?
132
In base 5, what is 314 - 0?
314
In base 15, what is 28 + -da?
-b2
In base 14, what is -29 + b2?
87
In base 12, what is -ba0 + -3?
-ba3
In base 10, what is 0 + 901?
901
In base 8, what is -31 + 544?
513
In base 7, what is -5 + 66?
61
In base 13, what is -11 - 0?
-11
In base 11, what is -300 + 9?
-2a2
In base 12, what is 2 + 31?
33
In base 9, what is 27 - 410?
-372
In base 5, what is -2 - 10010?
-10012
In base 7, what is -5 + -1661?
-1666
In base 14, what is 111 + -1?
110
In base 14, what is 5 - -61?
66
In base 8, what is 2 - 11?
-7
In base 5, what is 11101 + 1?
11102
In base 6, what is -100050 - 2?
-100052
In base 11, what is -335 - -2?
-333
In base 2, what is -1011000 + -10010?
-1101010
In base 3, what is 1 - 2120?
-2112
In base 7, what is 2 - 35?
-33
In base 14, what is -8 + 177?
16d
In base 13, what is 8 - 82?
-77
In base 6, what is -4 + -240?
-244
In base 16, what is -b + -e5?
-f0
In base 4, what is 202 - 1203?
-1001
In base 13, what is 48 + 22?
6a
In base 3, what is 200 - 1120212?
-1120012
In base 6, what is -124 + 4?
-120
In base 10, what is 34 + -1?
33
In base 10, what is 59 - -442?
501
In base 11, what is 515 - -9?
523
In base 11, what is -337 + 0?
-337
In base 2, what is -101 + -110000?
-110101
In base 8, what is -3 + 501?
476
In base 5, what is -410 - -10?
-400
In base 12, what is -9 - 207?
-214
In base 14, what is -3 - -172?
16d
In base 7, what is 6 + 160?
166
In base 3, what is -10002 - 21010?
-101012
In base 10, what is -6 - -4?
-2
In base 11, what is 2 - -714?
716
In base 16, what is 7 - 3?
4
In base 15, what is -4 - -261?
25c
In base 9, what is 4 + -44?
-40
In base 15, what is -2 + -7?
-9
In base 2, what is -110 - 1110?
-10100
In base 9, what is -34 - -37?
3
In base 10, what is -4443 + -2?
-4445
In base 9, what is 2388 + 13?
2412
In base 10, what is -2041 + 1?
-2040
In base 3, what is -11121 + 1?
-11120
In base 7, what is 1 + -104?
-103
In base 9, what is 3312 + -2?
3310
In base 11, what is -5 + -27?
-31
In base 11, what is -2a4 + 4?
-2a0
In base 16, what is -3 - 253?
-256
In base 6, what is -3 - 5?
-12
I